Last updated on 2023-02-05 23:58:39 CET.
Flavor | Version | Tinstall | Tcheck | Ttotal | Status | Flags |
---|---|---|---|---|---|---|
r-devel-linux-x86_64-debian-clang | 1.2.1 | 188.62 | 86.74 | 275.36 | OK | |
r-devel-linux-x86_64-debian-gcc | 1.2.1 | 141.06 | 65.28 | 206.34 | OK | |
r-devel-linux-x86_64-fedora-clang | 1.2.1 | 380.52 | NOTE | |||
r-devel-linux-x86_64-fedora-gcc | 1.2.1 | 357.39 | NOTE | |||
r-devel-windows-x86_64 | 1.2.1 | 136.00 | 147.00 | 283.00 | OK | |
r-patched-linux-x86_64 | 1.2.1 | 145.36 | 82.04 | 227.40 | OK | |
r-release-linux-x86_64 | 1.2.1 | 154.10 | 81.97 | 236.07 | OK | |
r-release-macos-arm64 | 1.2.1 | 80.00 | NOTE | |||
r-release-macos-x86_64 | 1.2.1 | 107.00 | NOTE | |||
r-release-windows-x86_64 | 1.2.1 | 132.00 | 151.00 | 283.00 | OK | |
r-oldrel-macos-arm64 | 1.2.1 | 75.00 | NOTE | |||
r-oldrel-macos-x86_64 | 1.2.1 | 103.00 | NOTE | |||
r-oldrel-windows-ix86+x86_64 | 1.2.1 | 412.00 | 151.00 | 563.00 | OK |
Version: 1.2.1
Check: compiled code
Result: NOTE
File ‘cqrReg/libs/cqrReg.so’:
Found no calls to: ‘R_registerRoutines’, ‘R_useDynamicSymbols’
It is good practice to register native routines and to disable symbol
search.
See ‘Writing portable packages’ in the ‘Writing R Extensions’ manual.
Flavors: r-devel-linux-x86_64-fedora-clang, r-devel-linux-x86_64-fedora-gcc
Version: 1.2.1
Check: installed package size
Result: NOTE
installed size is 7.4Mb
sub-directories of 1Mb or more:
libs 7.2Mb
Flavors: r-release-macos-arm64, r-release-macos-x86_64, r-oldrel-macos-arm64, r-oldrel-macos-x86_64