CRAN Package Check Results for Package covid19us

Last updated on 2021-12-04 23:50:29 CET.

Flavor Version Tinstall Tcheck Ttotal Status Flags
r-devel-linux-x86_64-debian-clang 0.1.7 4.47 226.81 231.28 NOTE
r-devel-linux-x86_64-debian-gcc 0.1.7 3.10 167.38 170.48 NOTE
r-devel-linux-x86_64-fedora-clang 0.1.7 274.64 NOTE
r-devel-linux-x86_64-fedora-gcc 0.1.7 266.91 NOTE
r-devel-windows-x86_64-new-UL 0.1.7 11.00 317.00 328.00 NOTE
r-devel-windows-x86_64-new-TK 0.1.7 NOTE
r-devel-windows-x86_64-old 0.1.7 8.00 230.00 238.00 NOTE
r-patched-linux-x86_64 0.1.7 3.92 208.75 212.67 NOTE
r-release-linux-x86_64 0.1.7 3.98 211.36 215.34 NOTE
r-release-macos-arm64 0.1.7 NOTE
r-release-macos-x86_64 0.1.7 NOTE
r-release-windows-ix86+x86_64 0.1.7 10.00 319.00 329.00 NOTE
r-oldrel-macos-x86_64 0.1.7 OK
r-oldrel-windows-ix86+x86_64 0.1.7 11.00 316.00 327.00 OK

Check Details

Version: 0.1.7
Check: LazyData
Result: NOTE
     'LazyData' is specified without a 'data' directory
Flavors: r-devel-linux-x86_64-debian-clang, r-devel-linux-x86_64-debian-gcc, r-devel-linux-x86_64-fedora-clang, r-devel-linux-x86_64-fedora-gcc, r-devel-windows-x86_64-new-UL, r-devel-windows-x86_64-new-TK, r-devel-windows-x86_64-old, r-patched-linux-x86_64, r-release-linux-x86_64, r-release-macos-arm64, r-release-macos-x86_64, r-release-windows-ix86+x86_64