CRAN Package Check Results for Package covid19france

Last updated on 2023-06-09 00:54:19 CEST.

Flavor Version Tinstall Tcheck Ttotal Status Flags
r-devel-linux-x86_64-debian-clang 0.1.0 1.99 41.25 43.24 NOTE
r-devel-linux-x86_64-debian-gcc 0.1.0 1.69 30.89 32.58 NOTE
r-devel-linux-x86_64-fedora-clang 0.1.0 55.34 NOTE
r-devel-linux-x86_64-fedora-gcc 0.1.0 52.93 NOTE
r-devel-windows-x86_64 0.1.0 4.00 57.00 61.00 NOTE
r-patched-linux-x86_64 0.1.0 1.85 40.26 42.11 NOTE
r-release-linux-x86_64 0.1.0 1.92 41.13 43.05 NOTE
r-release-macos-arm64 0.1.0 25.00 NOTE
r-release-macos-x86_64 0.1.0 31.00 NOTE
r-release-windows-x86_64 0.1.0 3.00 59.00 62.00 NOTE
r-oldrel-macos-arm64 0.1.0 21.00 NOTE
r-oldrel-macos-x86_64 0.1.0 38.00 NOTE
r-oldrel-windows-x86_64 0.1.0 5.00 57.00 62.00 NOTE

Check Details

Version: 0.1.0
Check: LazyData
Result: NOTE
     'LazyData' is specified without a 'data' directory
Flavors: r-devel-linux-x86_64-debian-clang, r-devel-linux-x86_64-debian-gcc, r-devel-linux-x86_64-fedora-clang, r-devel-linux-x86_64-fedora-gcc, r-devel-windows-x86_64, r-patched-linux-x86_64, r-release-linux-x86_64, r-release-macos-arm64, r-release-macos-x86_64, r-release-windows-x86_64, r-oldrel-macos-arm64, r-oldrel-macos-x86_64, r-oldrel-windows-x86_64

Version: 0.1.0
Check: dependencies in R code
Result: NOTE
    Namespace in Imports field not imported from: ‘lubridate’
     All declared Imports should be used.
Flavors: r-devel-linux-x86_64-fedora-clang, r-devel-linux-x86_64-fedora-gcc, r-oldrel-macos-arm64, r-oldrel-macos-x86_64