Last updated on 2023-10-03 01:04:48 CEST.
Flavor | Version | Tinstall | Tcheck | Ttotal | Status | Flags |
---|---|---|---|---|---|---|
r-devel-linux-x86_64-debian-clang | 1.5.0 | 4.67 | 101.48 | 106.15 | OK | |
r-devel-linux-x86_64-debian-gcc | 1.5.0 | 4.01 | 74.04 | 78.05 | OK | |
r-devel-linux-x86_64-fedora-clang | 1.5.0 | 128.35 | NOTE | |||
r-devel-linux-x86_64-fedora-gcc | 1.5.0 | 127.65 | NOTE | |||
r-devel-windows-x86_64 | 1.5.0 | 5.00 | 226.00 | 231.00 | OK | |
r-patched-linux-x86_64 | 1.5.0 | 4.30 | 99.10 | 103.40 | OK | |
r-release-linux-x86_64 | 1.5.0 | 4.98 | 99.93 | 104.91 | OK | |
r-release-macos-arm64 | 1.5.0 | 51.00 | OK | |||
r-release-macos-x86_64 | 1.5.0 | 112.00 | OK | |||
r-release-windows-x86_64 | 1.5.0 | 5.00 | 249.00 | 254.00 | OK | |
r-oldrel-macos-arm64 | 1.5.0 | 51.00 | OK | |||
r-oldrel-macos-x86_64 | 1.5.0 | 70.00 | OK | |||
r-oldrel-windows-x86_64 | 1.5.0 | 7.00 | 255.00 | 262.00 | OK |
Version: 1.5.0
Check: data for non-ASCII characters
Result: NOTE
Note: found 140280 marked UTF-8 strings
Flavors: r-devel-linux-x86_64-fedora-clang, r-devel-linux-x86_64-fedora-gcc