CRAN Package Check Results for Package countries

Last updated on 2024-06-13 00:55:10 CEST.

Flavor Version Tinstall Tcheck Ttotal Status Flags
r-devel-linux-x86_64-debian-clang 1.2.0 9.07 111.24 120.31 OK
r-devel-linux-x86_64-debian-gcc 1.2.0 0.44 1.70 2.14 ERROR
r-devel-linux-x86_64-fedora-clang 1.2.0 152.15 NOTE
r-devel-linux-x86_64-fedora-gcc 1.2.0 156.15 NOTE
r-devel-windows-x86_64 1.2.0 12.00 126.00 138.00 OK
r-patched-linux-x86_64 1.2.0 9.39 108.94 118.33 OK
r-release-linux-x86_64 1.2.0 7.91 112.10 120.01 OK
r-release-macos-arm64 1.2.0 69.00 OK
r-release-macos-x86_64 1.2.0 91.00 OK
r-release-windows-x86_64 1.2.0 13.00 130.00 143.00 OK
r-oldrel-macos-arm64 1.2.0 69.00 OK
r-oldrel-macos-x86_64 1.2.0 120.00 OK
r-oldrel-windows-x86_64 1.2.0 15.00 150.00 165.00 OK

Check Details

Version: 1.2.0
Check: package dependencies
Result: ERROR Packages required but not available: 'tidyr', 'stringr', 'dplyr', 'lubridate', 'ggplot2', 'viridis' Package suggested but not available for checking: ‘testthat’ See section ‘The DESCRIPTION file’ in the ‘Writing R Extensions’ manual. Flavor: r-devel-linux-x86_64-debian-gcc

Version: 1.2.0
Check: data for non-ASCII characters
Result: NOTE Note: found 9044 marked UTF-8 strings Flavors: r-devel-linux-x86_64-fedora-clang, r-devel-linux-x86_64-fedora-gcc