CRAN Package Check Results for Package countcolors

Last updated on 2021-10-27 23:50:21 CEST.

Flavor Version Tinstall Tcheck Ttotal Status Flags
r-devel-linux-x86_64-debian-clang 0.9.1 3.04 100.39 103.43 NOTE
r-devel-linux-x86_64-debian-gcc 0.9.1 2.25 73.55 75.80 NOTE
r-devel-linux-x86_64-fedora-clang 0.9.1 134.66 NOTE
r-devel-linux-x86_64-fedora-gcc 0.9.1 119.45 NOTE
r-devel-windows-x86_64 0.9.1 5.00 126.00 131.00 NOTE
r-devel-windows-x86_64-gcc10-UCRT 0.9.1 NOTE
r-patched-linux-x86_64 0.9.1 2.88 96.69 99.57 NOTE
r-patched-solaris-x86 0.9.1 75.40 NOTE
r-release-linux-x86_64 0.9.1 2.83 98.00 100.83 NOTE
r-release-macos-arm64 0.9.1 NOTE
r-release-macos-x86_64 0.9.1 NOTE
r-release-windows-ix86+x86_64 0.9.1 5.00 122.00 127.00 NOTE
r-oldrel-macos-x86_64 0.9.1 NOTE
r-oldrel-windows-ix86+x86_64 0.9.1 7.00 118.00 125.00 OK

Check Details

Version: 0.9.1
Check: LazyData
Result: NOTE
     'LazyData' is specified without a 'data' directory
Flavors: r-devel-linux-x86_64-debian-clang, r-devel-linux-x86_64-debian-gcc, r-devel-linux-x86_64-fedora-clang, r-devel-linux-x86_64-fedora-gcc, r-devel-windows-x86_64, r-devel-windows-x86_64-gcc10-UCRT, r-patched-linux-x86_64, r-patched-solaris-x86, r-release-linux-x86_64, r-release-macos-arm64, r-release-macos-x86_64, r-release-windows-ix86+x86_64

Version: 0.9.1
Check: dependencies in R code
Result: NOTE
    Namespace in Imports field not imported from: ‘jpeg’
     All declared Imports should be used.
Flavors: r-devel-linux-x86_64-fedora-clang, r-devel-linux-x86_64-fedora-gcc, r-devel-windows-x86_64-gcc10-UCRT, r-patched-solaris-x86, r-release-macos-arm64, r-release-macos-x86_64, r-oldrel-macos-x86_64