CRAN Package Check Results for Package corto

Last updated on 2022-09-27 23:55:30 CEST.

Flavor Version Tinstall Tcheck Ttotal Status Flags
r-devel-linux-x86_64-debian-clang 1.1.11 7.87 69.59 77.46 OK
r-devel-linux-x86_64-debian-gcc 1.1.11 5.01 51.35 56.36 OK
r-devel-linux-x86_64-fedora-clang 1.1.11 105.80 NOTE
r-devel-linux-x86_64-fedora-gcc 1.1.11 98.41 NOTE
r-devel-windows-x86_64 1.1.11 15.00 107.00 122.00 OK
r-patched-linux-x86_64 1.1.11 5.72 66.44 72.16 OK
r-release-linux-x86_64 1.1.11 7.32 65.20 72.52 OK
r-release-macos-arm64 1.1.11 39.00 NOTE
r-release-macos-x86_64 1.1.11 46.00 NOTE
r-release-windows-x86_64 1.1.11 15.00 112.00 127.00 OK
r-oldrel-macos-arm64 1.1.11 38.00 NOTE
r-oldrel-macos-x86_64 1.1.11 44.00 NOTE
r-oldrel-windows-ix86+x86_64 1.1.11 19.00 99.00 118.00 OK

Check Details

Version: 1.1.11
Check: dependencies in R code
Result: NOTE
    Namespaces in Imports field not imported from:
     ‘knitr’ ‘rmarkdown’
     All declared Imports should be used.
Flavors: r-devel-linux-x86_64-fedora-clang, r-devel-linux-x86_64-fedora-gcc, r-release-macos-arm64, r-release-macos-x86_64, r-oldrel-macos-arm64, r-oldrel-macos-x86_64