CRAN Package Check Results for Package corrplot

Last updated on 2021-10-26 23:51:00 CEST.

Flavor Version Tinstall Tcheck Ttotal Status Flags
r-devel-linux-x86_64-debian-clang 0.90 3.44 40.95 44.39 OK
r-devel-linux-x86_64-debian-gcc 0.90 2.88 31.82 34.70 OK
r-devel-linux-x86_64-fedora-clang 0.90 64.76 OK
r-devel-linux-x86_64-fedora-gcc 0.90 54.53 OK
r-devel-windows-x86_64 0.90 7.00 69.00 76.00 OK
r-devel-windows-x86_64-gcc10-UCRT 0.90 OK
r-patched-linux-x86_64 0.90 3.41 40.00 43.41 OK
r-patched-solaris-x86 0.90 66.20 OK
r-release-linux-x86_64 0.90 3.36 39.56 42.92 OK
r-release-macos-arm64 0.90 OK
r-release-macos-x86_64 0.90 OK
r-release-windows-ix86+x86_64 0.90 6.00 57.00 63.00 OK
r-oldrel-macos-x86_64 0.90 ERROR
r-oldrel-windows-ix86+x86_64 0.90 7.00 56.00 63.00 ERROR

Check Details

Version: 0.90
Check: for unstated dependencies in examples
Result: WARN
    Warning: parse error in file 'corrplot-Ex.R':
    117:31: unexpected '>'
    116: if(getRversion() >= '4.1.0') {
    117: corrplot(M, order = 'AOE') |>
     ^
Flavor: r-oldrel-macos-x86_64

Version: 0.90
Check: examples
Result: ERROR
    Running examples in ‘corrplot-Ex.R’ failed
    The error most likely occurred in:
    
    > ### Name: corrRect
    > ### Title: Draw rectangle(s) on the correlation matrix graph.
    > ### Aliases: corrRect
    > ### Keywords: hplot
    >
    > ### ** Examples
    >
    > data(mtcars)
    > M = cor(mtcars)
    >
    > r = rbind(c('gear', 'wt', 'qsec', 'carb'),
    + c('wt', 'gear', 'carb', 'qsec'))
    > corrplot(M, order = 'AOE') -> p
    > corrRect(p, namesMat = r)
    >
    > # same as using pipe operator `|>`
    > if(getRversion() >= '4.1.0') {
    + corrplot(M, order = 'AOE') |> corrRect(namesMat = r)
    Error: unexpected '>' in:
    "if(getRversion() >= '4.1.0') {
     corrplot(M, order = 'AOE') |>"
    Execution halted
Flavors: r-oldrel-macos-x86_64, r-oldrel-windows-ix86+x86_64

Version: 0.90
Check: tests
Result: ERROR
     Running ‘testthat.R’ [1s/1s]
    Running the tests in ‘tests/testthat.R’ failed.
    Complete output:
     > library(testthat)
     > library(corrplot)
     corrplot 0.90 loaded
     >
     > test_check('corrplot')
     Error in parse(con, n = -1, srcfile = srcfile, encoding = "UTF-8") :
     test-corrRect.R:17:52: unexpected '>'
     16: r = c('gear', 'wt', 'qsec', 'carb')
     17: corrplot(M, method = 'circle', order = 'AOE') |>
     ^
     Calls: test_check ... doTryCatch -> lapply -> FUN -> source_file -> parse
     Execution halted
Flavor: r-oldrel-macos-x86_64

Version: 0.90
Check: for unstated dependencies in examples
Result: WARN
    Warning: parse error in file 'corrplot-Ex.R':
    118:31: unexpected '>'
    117: if(getRversion() >= '4.1.0') {
    118: corrplot(M, order = 'AOE') |>
     ^
Flavor: r-oldrel-windows-ix86+x86_64

Version: 0.90
Check: for unstated dependencies in ‘tests’
Result: WARN
    Warning: parse error in file 'testthat/test-corrRect.R':
    17:52: unexpected '>'
    16: r = c('gear', 'wt', 'qsec', 'carb')
    17: corrplot(M, method = 'circle', order = 'AOE') |>
     ^
Flavor: r-oldrel-windows-ix86+x86_64

Version: 0.90
Check: tests
Result: ERROR
     Running 'testthat.R' [2s]
    Running the tests in 'tests/testthat.R' failed.
    Complete output:
     > library(testthat)
     > library(corrplot)
     corrplot 0.90 loaded
     >
     > test_check('corrplot')
     Error in parse(con, n = -1, srcfile = srcfile, encoding = "UTF-8") :
     test-corrRect.R:17:52: unexpected '>'
     16: r = c('gear', 'wt', 'qsec', 'carb')
     17: corrplot(M, method = 'circle', order = 'AOE') |>
     ^
     Calls: test_check ... doTryCatch -> lapply -> FUN -> source_file -> parse
     Execution halted
Flavor: r-oldrel-windows-ix86+x86_64