CRAN Package Check Results for Package corpus

Last updated on 2021-10-20 23:50:05 CEST.

Flavor Version Tinstall Tcheck Ttotal Status Flags
r-devel-linux-x86_64-debian-clang 0.10.2 23.94 55.93 79.87 OK
r-devel-linux-x86_64-debian-gcc 0.10.2 20.22 42.95 63.17 OK
r-devel-linux-x86_64-fedora-clang 0.10.2 110.93 NOTE
r-devel-linux-x86_64-fedora-gcc 0.10.2 110.01 NOTE
r-devel-windows-x86_64 0.10.2 48.00 106.00 154.00 OK
r-devel-windows-x86_64-gcc10-UCRT 0.10.2 NOTE
r-patched-linux-x86_64 0.10.2 25.38 55.29 80.67 OK
r-patched-solaris-x86 0.10.2 174.40 NOTE
r-release-linux-x86_64 0.10.2 22.61 55.49 78.10 OK
r-release-macos-arm64 0.10.2 NOTE
r-release-macos-x86_64 0.10.2 NOTE
r-release-windows-ix86+x86_64 0.10.2 72.00 117.00 189.00 OK
r-oldrel-macos-x86_64 0.10.2 NOTE
r-oldrel-windows-ix86+x86_64 0.10.2 91.00 111.00 202.00 OK

Check Details

Version: 0.10.2
Check: data for non-ASCII characters
Result: NOTE
     Note: found 578 marked UTF-8 strings
Flavors: r-devel-linux-x86_64-fedora-clang, r-devel-linux-x86_64-fedora-gcc, r-devel-windows-x86_64-gcc10-UCRT, r-patched-solaris-x86, r-release-macos-arm64, r-release-macos-x86_64, r-oldrel-macos-x86_64