CRAN Package Check Results for Package corncob

Last updated on 2021-10-17 23:50:32 CEST.

Flavor Version Tinstall Tcheck Ttotal Status Flags
r-devel-linux-x86_64-debian-clang 0.2.0 29.83 406.16 435.99 OK
r-devel-linux-x86_64-debian-gcc 0.2.0 25.18 304.34 329.52 OK
r-devel-linux-x86_64-fedora-clang 0.2.0 527.62 NOTE
r-devel-linux-x86_64-fedora-gcc 0.2.0 511.72 NOTE
r-devel-windows-x86_64 0.2.0 45.00 481.00 526.00 OK
r-devel-windows-x86_64-gcc10-UCRT 0.2.0 NOTE
r-patched-linux-x86_64 0.2.0 32.01 386.66 418.67 OK
r-patched-solaris-x86 0.2.0 710.30 NOTE
r-release-linux-x86_64 0.2.0 32.31 385.50 417.81 OK
r-release-macos-arm64 0.2.0 NOTE
r-release-macos-x86_64 0.2.0 NOTE
r-release-windows-ix86+x86_64 0.2.0 69.00 472.00 541.00 OK
r-oldrel-macos-x86_64 0.2.0 NOTE
r-oldrel-windows-ix86+x86_64 0.2.0 70.00 466.00 536.00 OK

Check Details

Version: 0.2.0
Check: dependencies in R code
Result: NOTE
    Namespaces in Imports field not imported from:
     ‘Matrix’ ‘rmutil’
     All declared Imports should be used.
Flavors: r-devel-linux-x86_64-fedora-clang, r-devel-linux-x86_64-fedora-gcc, r-devel-windows-x86_64-gcc10-UCRT, r-patched-solaris-x86, r-release-macos-arm64, r-release-macos-x86_64, r-oldrel-macos-x86_64