CRAN Package Check Results for Package corTest

Last updated on 2021-10-18 23:49:27 CEST.

Flavor Version Tinstall Tcheck Ttotal Status Flags
r-devel-linux-x86_64-debian-clang 1.0.7 11.18 107.02 118.20 OK
r-devel-linux-x86_64-debian-gcc 1.0.7 9.06 80.93 89.99 OK
r-devel-linux-x86_64-fedora-clang 1.0.7 155.64 NOTE
r-devel-linux-x86_64-fedora-gcc 1.0.7 147.77 NOTE
r-devel-windows-x86_64 1.0.7 18.00 137.00 155.00 OK
r-devel-windows-x86_64-gcc10-UCRT 1.0.7 NOTE
r-patched-linux-x86_64 1.0.7 10.91 100.57 111.48 OK
r-patched-solaris-x86 1.0.7 193.90 NOTE
r-release-linux-x86_64 1.0.7 9.56 100.79 110.35 OK
r-release-macos-arm64 1.0.7 NOTE
r-release-macos-x86_64 1.0.7 NOTE
r-release-windows-ix86+x86_64 1.0.7 27.00 132.00 159.00 OK
r-oldrel-macos-x86_64 1.0.7 NOTE
r-oldrel-windows-ix86+x86_64 1.0.7 28.00 132.00 160.00 OK

Check Details

Version: 1.0.7
Check: dependencies in R code
Result: NOTE
    Namespace in Imports field not imported from: ‘graphics’
     All declared Imports should be used.
Flavors: r-devel-linux-x86_64-fedora-clang, r-devel-linux-x86_64-fedora-gcc, r-devel-windows-x86_64-gcc10-UCRT, r-patched-solaris-x86, r-release-macos-arm64, r-release-macos-x86_64, r-oldrel-macos-x86_64