CRAN Package Check Results for Package confSAM

Last updated on 2022-01-23 23:50:12 CET.

Flavor Version Tinstall Tcheck Ttotal Status Flags
r-devel-linux-x86_64-debian-clang 0.2 1.98 103.35 105.33 NOTE
r-devel-linux-x86_64-debian-gcc 0.2 1.42 82.22 83.64 NOTE
r-devel-linux-x86_64-fedora-clang 0.2 125.84 NOTE
r-devel-linux-x86_64-fedora-gcc 0.2 116.53 NOTE
r-devel-windows-x86_64-new-UL 0.2 14.00 134.00 148.00 NOTE
r-devel-windows-x86_64-new-TK 0.2 NOTE
r-patched-linux-x86_64 0.2 2.01 31.89 33.90 NOTE
r-release-linux-x86_64 0.2 2.14 31.35 33.49 NOTE
r-release-macos-arm64 0.2 NOTE
r-release-macos-x86_64 0.2 NOTE
r-release-windows-ix86+x86_64 0.2 5.00 43.00 48.00 NOTE
r-oldrel-macos-x86_64 0.2 OK
r-oldrel-windows-ix86+x86_64 0.2 5.00 41.00 46.00 OK

Check Details

Version: 0.2
Check: LazyData
Result: NOTE
     'LazyData' is specified without a 'data' directory
Flavors: r-devel-linux-x86_64-debian-clang, r-devel-linux-x86_64-debian-gcc, r-devel-linux-x86_64-fedora-clang, r-devel-linux-x86_64-fedora-gcc, r-devel-windows-x86_64-new-UL, r-devel-windows-x86_64-new-TK, r-patched-linux-x86_64, r-release-linux-x86_64, r-release-macos-arm64, r-release-macos-x86_64, r-release-windows-ix86+x86_64