CRAN Package Check Results for Package coneproj

Last updated on 2024-06-15 00:54:03 CEST.

Flavor Version Tinstall Tcheck Ttotal Status Flags
r-devel-linux-x86_64-debian-clang 1.18 33.46 41.63 75.09 OK
r-devel-linux-x86_64-debian-gcc 1.19 23.87 31.27 55.14 OK
r-devel-linux-x86_64-fedora-clang 1.19 95.77 OK
r-devel-linux-x86_64-fedora-gcc 1.19 102.20 OK
r-devel-windows-x86_64 1.19 3.00 21.00 24.00 ERROR
r-patched-linux-x86_64 1.19 31.51 40.09 71.60 OK
r-release-linux-x86_64 1.18 27.61 39.38 66.99 OK
r-release-macos-arm64 1.19 45.00 OK
r-release-macos-x86_64 1.19 106.00 OK
r-release-windows-x86_64 1.19 30.00 75.00 105.00 OK
r-oldrel-macos-arm64 1.18 36.00 OK
r-oldrel-macos-x86_64 1.18 77.00 OK
r-oldrel-windows-x86_64 1.18 34.00 82.00 116.00 OK

Check Details

Version: 1.19
Check: whether package can be installed
Result: ERROR Installation failed. Flavor: r-devel-windows-x86_64