CRAN Package Check Results for Package complexplus

Last updated on 2021-09-19 23:49:58 CEST.

Flavor Version Tinstall Tcheck Ttotal Status Flags
r-devel-linux-x86_64-debian-clang 2.1 7.14 56.74 63.88 OK
r-devel-linux-x86_64-debian-gcc 2.1 5.86 44.77 50.63 OK
r-devel-linux-x86_64-fedora-clang 2.1 84.49 OK
r-devel-linux-x86_64-fedora-gcc 2.1 73.43 OK
r-devel-windows-x86_64 2.1 7.00 60.00 67.00 OK
r-devel-windows-x86_64-gcc10-UCRT 2.1 ERROR
r-patched-linux-x86_64 2.1 6.77 55.58 62.35 OK
r-patched-solaris-x86 2.1 112.20 OK
r-release-linux-x86_64 2.1 6.65 55.54 62.19 OK
r-release-macos-arm64 2.1 OK
r-release-macos-x86_64 2.1 OK
r-release-windows-ix86+x86_64 2.1 14.00 59.00 73.00 OK
r-oldrel-macos-x86_64 2.1 OK
r-oldrel-windows-ix86+x86_64 2.1 14.00 57.00 71.00 OK

Check Details

Version: 2.1
Check: whether package can be installed
Result: WARN
    Found the following significant warnings:
     WARNING: installation-time patches will not be applied, could not get the patches index
Flavor: r-devel-windows-x86_64-gcc10-UCRT

Version: 2.1
Check: PDF version of manual
Result: WARN
    LaTeX errors when creating PDF version.
    This typically indicates Rd problems.
Flavor: r-devel-windows-x86_64-gcc10-UCRT

Version: 2.1
Check: PDF version of manual without hyperrefs or index
Result: ERROR
    Re-running with no redirection of stdout/stderr.
Flavor: r-devel-windows-x86_64-gcc10-UCRT