CRAN Package Check Results for Package combiter

Last updated on 2023-01-27 23:37:54 CET.

Flavor Version Tinstall Tcheck Ttotal Status Flags
r-devel-linux-x86_64-debian-clang 1.0.3 35.92 42.47 78.39 NOTE
r-devel-linux-x86_64-debian-gcc 1.0.3 33.19 33.51 66.70 NOTE
r-devel-linux-x86_64-fedora-clang 1.0.3 120.84 NOTE
r-devel-linux-x86_64-fedora-gcc 1.0.3 105.15 NOTE
r-devel-windows-x86_64 1.0.3 42.00 89.00 131.00 NOTE
r-patched-linux-x86_64 1.0.3 31.21 42.00 73.21 NOTE
r-release-linux-x86_64 1.0.3 29.88 41.73 71.61 NOTE
r-release-macos-arm64 1.0.3 32.00 NOTE
r-release-macos-x86_64 1.0.3 44.00 NOTE
r-release-windows-x86_64 1.0.3 45.00 94.00 139.00 NOTE
r-oldrel-macos-arm64 1.0.3 39.00 NOTE
r-oldrel-macos-x86_64 1.0.3 60.00 NOTE
r-oldrel-windows-ix86+x86_64 1.0.3 98.00 111.00 209.00 NOTE

Check Details

Version: 1.0.3
Check: LazyData
Result: NOTE
     'LazyData' is specified without a 'data' directory
Flavors: r-devel-linux-x86_64-debian-clang, r-devel-linux-x86_64-debian-gcc, r-devel-linux-x86_64-fedora-clang, r-devel-linux-x86_64-fedora-gcc, r-devel-windows-x86_64, r-patched-linux-x86_64, r-release-linux-x86_64, r-release-macos-arm64, r-release-macos-x86_64, r-release-windows-x86_64, r-oldrel-macos-arm64, r-oldrel-macos-x86_64, r-oldrel-windows-ix86+x86_64