CRAN Package Check Results for Package combiroc

Last updated on 2023-06-10 00:54:41 CEST.

Flavor Version Tinstall Tcheck Ttotal Status Flags
r-devel-linux-x86_64-debian-clang 0.2.3 7.74 83.54 91.28 OK
r-devel-linux-x86_64-debian-gcc 0.2.3 6.38 62.81 69.19 OK
r-devel-linux-x86_64-fedora-clang 0.2.3 118.02 NOTE
r-devel-linux-x86_64-fedora-gcc 0.2.3 118.68 NOTE
r-devel-windows-x86_64 0.2.3 8.00 84.00 92.00 OK
r-patched-linux-x86_64 0.2.3 5.71 77.00 82.71 OK
r-release-linux-x86_64 0.2.3 4.80 76.35 81.15 OK
r-release-macos-arm64 0.2.3 42.00 OK
r-release-macos-x86_64 0.2.3 72.00 OK
r-release-windows-x86_64 0.2.3 10.00 97.00 107.00 OK
r-oldrel-macos-arm64 0.2.3 38.00 NOTE
r-oldrel-macos-x86_64 0.2.3 76.00 NOTE
r-oldrel-windows-x86_64 0.2.3 12.00 99.00 111.00 OK

Check Details

Version: 0.2.3
Check: dependencies in R code
Result: NOTE
    Namespace in Imports field not imported from: ‘devtools’
     All declared Imports should be used.
Flavors: r-devel-linux-x86_64-fedora-clang, r-devel-linux-x86_64-fedora-gcc, r-oldrel-macos-arm64, r-oldrel-macos-x86_64