CRAN Package Check Results for Package colorednoise

Last updated on 2021-08-03 23:52:02 CEST.

Flavor Version Tinstall Tcheck Ttotal Status Flags
r-devel-linux-x86_64-debian-clang 1.1.0 51.05 64.44 115.49 NOTE --no-vignettes
r-devel-linux-x86_64-debian-gcc 1.1.0 34.68 47.43 82.11 NOTE --no-vignettes
r-devel-linux-x86_64-fedora-clang 1.1.0 357.13 NOTE
r-devel-linux-x86_64-fedora-gcc 1.1.0 341.26 NOTE
r-devel-windows-x86_64 1.1.0 51.00 314.00 365.00 NOTE
r-devel-windows-x86_64-gcc10-UCRT 1.1.0 NOTE --no-vignettes
r-patched-linux-x86_64 1.1.0 39.48 58.99 98.47 NOTE --no-vignettes
r-patched-solaris-x86 1.1.0 456.00 NOTE
r-release-linux-x86_64 1.1.0 39.04 59.35 98.39 NOTE --no-vignettes
r-release-macos-arm64 1.1.0 WARN
r-release-macos-x86_64 1.1.0 NOTE
r-release-windows-ix86+x86_64 1.1.0 122.00 355.00 477.00 NOTE
r-oldrel-macos-x86_64 1.1.0 OK
r-oldrel-windows-ix86+x86_64 1.1.0 78.00 327.00 405.00 OK

Check Details

Version: 1.1.0
Flags: --no-vignettes
Check: LazyData
Result: NOTE
     'LazyData' is specified without a 'data' directory
Flavors: r-devel-linux-x86_64-debian-clang, r-devel-linux-x86_64-debian-gcc, r-devel-windows-x86_64-gcc10-UCRT, r-patched-linux-x86_64, r-release-linux-x86_64

Version: 1.1.0
Check: LazyData
Result: NOTE
     'LazyData' is specified without a 'data' directory
Flavors: r-devel-linux-x86_64-fedora-clang, r-devel-linux-x86_64-fedora-gcc, r-devel-windows-x86_64, r-patched-solaris-x86, r-release-macos-arm64, r-release-macos-x86_64, r-release-windows-ix86+x86_64

Version: 1.1.0
Check: re-building of vignette outputs
Result: WARN
    Error(s) in re-building vignettes:
     ...
    --- re-building ‘noise.Rmd’ using rmarkdown
    Warning in engine$weave(file, quiet = quiet, encoding = enc) :
     Pandoc (>= 1.12.3) not available. Falling back to R Markdown v1.
    Quitting from lines 37-41 (noise.Rmd)
    Error: processing vignette 'noise.Rmd' failed with diagnostics:
    polygon edge not found
    --- failed re-building ‘noise.Rmd’
    
    SUMMARY: processing the following file failed:
     ‘noise.Rmd’
    
    Error: Vignette re-building failed.
    Execution halted
Flavor: r-release-macos-arm64