CRAN Package Check Results for Package colorSpec

Last updated on 2022-01-19 23:48:54 CET.

Flavor Version Tinstall Tcheck Ttotal Status Flags
r-devel-linux-x86_64-debian-clang 1.3-0 OK
r-devel-linux-x86_64-debian-gcc 1.3-0 2.96 217.08 220.04 OK
r-devel-linux-x86_64-fedora-clang 1.3-0 325.59 NOTE
r-devel-linux-x86_64-fedora-gcc 1.3-0 313.23 OK
r-devel-windows-x86_64-new-UL 1.3-0 328.00 439.00 767.00 NOTE
r-devel-windows-x86_64-new-TK 1.3-0 OK
r-patched-linux-x86_64 1.3-0 7.09 284.58 291.67 OK
r-release-linux-x86_64 1.3-0 OK
r-release-macos-arm64 1.3-0 NOTE
r-release-macos-x86_64 1.3-0 NOTE
r-release-windows-ix86+x86_64 1.3-0 13.00 276.00 289.00 NOTE
r-oldrel-macos-x86_64 1.3-0 NOTE
r-oldrel-windows-ix86+x86_64 1.3-0 14.00 277.00 291.00 NOTE

Check Details

Version: 1.3-0
Check: installed package size
Result: NOTE
     installed size is 5.3Mb
     sub-directories of 1Mb or more:
     doc 2.4Mb
     extdata 2.1Mb
Flavors: r-devel-linux-x86_64-fedora-clang, r-devel-windows-x86_64-new-UL, r-release-macos-arm64, r-release-macos-x86_64, r-release-windows-ix86+x86_64, r-oldrel-macos-x86_64, r-oldrel-windows-ix86+x86_64

Version: 1.3-0
Check: Rd cross-references
Result: NOTE
    Undeclared package ‘plyr’ in Rd xrefs
Flavor: r-devel-linux-x86_64-fedora-clang