CRAN Package Check Results for Package collections

Last updated on 2022-01-19 23:48:54 CET.

Flavor Version Tinstall Tcheck Ttotal Status Flags
r-devel-linux-x86_64-debian-clang 0.3.5 NOTE
r-devel-linux-x86_64-debian-gcc 0.3.5 4.73 26.87 31.60 NOTE
r-devel-linux-x86_64-fedora-clang 0.3.5 49.59 NOTE
r-devel-linux-x86_64-fedora-gcc 0.3.5 37.80 NOTE
r-devel-windows-x86_64-new-UL 0.3.5 51.00 57.00 108.00 NOTE
r-devel-windows-x86_64-new-TK 0.3.5 NOTE
r-patched-linux-x86_64 0.3.5 5.80 32.10 37.90 NOTE
r-release-linux-x86_64 0.3.5 NOTE
r-release-macos-arm64 0.3.5 NOTE
r-release-macos-x86_64 0.3.5 NOTE
r-release-windows-ix86+x86_64 0.3.5 22.00 50.00 72.00 NOTE
r-oldrel-macos-x86_64 0.3.5 OK
r-oldrel-windows-ix86+x86_64 0.3.5 22.00 50.00 72.00 OK

Check Details

Version: 0.3.5
Check: LazyData
Result: NOTE
     'LazyData' is specified without a 'data' directory
Flavors: r-devel-linux-x86_64-debian-clang, r-devel-linux-x86_64-debian-gcc, r-devel-linux-x86_64-fedora-clang, r-devel-linux-x86_64-fedora-gcc, r-devel-windows-x86_64-new-UL, r-devel-windows-x86_64-new-TK, r-patched-linux-x86_64, r-release-linux-x86_64, r-release-macos-arm64, r-release-macos-x86_64, r-release-windows-ix86+x86_64