CRAN Package Check Results for Package collapsibleTree

Last updated on 2021-10-15 23:50:24 CEST.

Flavor Version Tinstall Tcheck Ttotal Status Flags
r-devel-linux-x86_64-debian-clang 0.1.7 2.97 38.28 41.25 NOTE
r-devel-linux-x86_64-debian-gcc 0.1.7 2.46 28.82 31.28 NOTE
r-devel-linux-x86_64-fedora-clang 0.1.7 59.33 NOTE
r-devel-linux-x86_64-fedora-gcc 0.1.7 49.09 NOTE
r-devel-windows-x86_64 0.1.7 4.00 41.00 45.00 NOTE
r-devel-windows-x86_64-gcc10-UCRT 0.1.7 NOTE
r-patched-linux-x86_64 0.1.7 3.35 36.67 40.02 NOTE
r-patched-solaris-x86 0.1.7 77.50 NOTE
r-release-linux-x86_64 0.1.7 3.23 36.23 39.46 NOTE
r-release-macos-arm64 0.1.7 NOTE
r-release-macos-x86_64 0.1.7 NOTE
r-release-windows-ix86+x86_64 0.1.7 8.00 57.00 65.00 NOTE
r-oldrel-macos-x86_64 0.1.7 OK
r-oldrel-windows-ix86+x86_64 0.1.7 7.00 55.00 62.00 OK

Check Details

Version: 0.1.7
Check: LazyData
Result: NOTE
     'LazyData' is specified without a 'data' directory
Flavors: r-devel-linux-x86_64-debian-clang, r-devel-linux-x86_64-debian-gcc, r-devel-linux-x86_64-fedora-clang, r-devel-linux-x86_64-fedora-gcc, r-devel-windows-x86_64, r-devel-windows-x86_64-gcc10-UCRT, r-patched-linux-x86_64, r-patched-solaris-x86, r-release-linux-x86_64, r-release-macos-arm64, r-release-macos-x86_64, r-release-windows-ix86+x86_64