CRAN Package Check Results for Package cogmapr

Last updated on 2021-09-15 23:49:39 CEST.

Flavor Version Tinstall Tcheck Ttotal Status Flags
r-devel-linux-x86_64-debian-clang 0.9.1 9.41 92.85 102.26 NOTE
r-devel-linux-x86_64-debian-gcc 0.9.1 6.72 67.94 74.66 NOTE
r-devel-linux-x86_64-fedora-clang 0.9.1 123.65 NOTE
r-devel-linux-x86_64-fedora-gcc 0.9.1 112.93 NOTE
r-devel-windows-x86_64 0.9.1 18.00 115.00 133.00 NOTE
r-devel-windows-x86_64-gcc10-UCRT 0.9.1 NOTE
r-patched-linux-x86_64 0.9.1 7.40 84.93 92.33 NOTE
r-patched-solaris-x86 0.9.1 156.50 NOTE
r-release-linux-x86_64 0.9.1 8.16 85.60 93.76 NOTE
r-release-macos-arm64 0.9.1 NOTE
r-release-macos-x86_64 0.9.1 NOTE
r-release-windows-ix86+x86_64 0.9.1 22.00 85.00 107.00 NOTE
r-oldrel-macos-x86_64 0.9.1 OK
r-oldrel-windows-ix86+x86_64 0.9.1 29.00 104.00 133.00 OK

Check Details

Version: 0.9.1
Check: LazyData
Result: NOTE
     'LazyData' is specified without a 'data' directory
Flavors: r-devel-linux-x86_64-debian-clang, r-devel-linux-x86_64-debian-gcc, r-devel-linux-x86_64-fedora-clang, r-devel-linux-x86_64-fedora-gcc, r-devel-windows-x86_64, r-devel-windows-x86_64-gcc10-UCRT, r-patched-linux-x86_64, r-patched-solaris-x86, r-release-linux-x86_64, r-release-macos-arm64, r-release-macos-x86_64, r-release-windows-ix86+x86_64