CRAN Package Check Results for Package codingMatrices

Last updated on 2021-09-23 23:50:01 CEST.

Flavor Version Tinstall Tcheck Ttotal Status Flags
r-devel-linux-x86_64-debian-clang 0.3.3 8.09 83.94 92.03 NOTE
r-devel-linux-x86_64-debian-gcc 0.3.3 5.65 65.71 71.36 NOTE
r-devel-linux-x86_64-fedora-clang 0.3.3 117.56 NOTE
r-devel-linux-x86_64-fedora-gcc 0.3.3 107.80 NOTE
r-devel-windows-x86_64 0.3.3 8.00 83.00 91.00 NOTE
r-devel-windows-x86_64-gcc10-UCRT 0.3.3 NOTE
r-patched-linux-x86_64 0.3.3 7.18 80.80 87.98 NOTE
r-patched-solaris-x86 0.3.3 156.40 NOTE
r-release-linux-x86_64 0.3.3 8.14 81.55 89.69 NOTE
r-release-macos-arm64 0.3.3 NOTE
r-release-macos-x86_64 0.3.3 NOTE
r-release-windows-ix86+x86_64 0.3.3 18.00 81.00 99.00 NOTE
r-oldrel-macos-x86_64 0.3.3 OK
r-oldrel-windows-ix86+x86_64 0.3.3 11.00 78.00 89.00 OK

Check Details

Version: 0.3.3
Check: LazyData
Result: NOTE
     'LazyData' is specified without a 'data' directory
Flavors: r-devel-linux-x86_64-debian-clang, r-devel-linux-x86_64-debian-gcc, r-devel-linux-x86_64-fedora-clang, r-devel-linux-x86_64-fedora-gcc, r-devel-windows-x86_64, r-devel-windows-x86_64-gcc10-UCRT, r-patched-linux-x86_64, r-patched-solaris-x86, r-release-linux-x86_64, r-release-macos-arm64, r-release-macos-x86_64, r-release-windows-ix86+x86_64