CRAN Package Check Results for Package cna

Last updated on 2021-09-24 23:53:43 CEST.

Flavor Version Tinstall Tcheck Ttotal Status Flags
r-devel-linux-x86_64-debian-clang 3.2.0 101.04 193.75 294.79 OK
r-devel-linux-x86_64-debian-gcc 3.2.0 63.73 143.49 207.22 OK
r-devel-linux-x86_64-fedora-clang 3.2.0 386.11 OK
r-devel-linux-x86_64-fedora-gcc 3.2.0 356.33 OK
r-devel-windows-x86_64 3.2.0 95.00 162.00 257.00 OK
r-devel-windows-x86_64-gcc10-UCRT 3.2.0 OK
r-patched-linux-x86_64 3.2.0 81.99 182.34 264.33 OK
r-patched-solaris-x86 3.2.0 410.40 OK
r-release-linux-x86_64 3.2.0 79.42 181.25 260.67 OK
r-release-macos-arm64 3.2.0 NOTE
r-release-macos-x86_64 3.2.0 OK
r-release-windows-ix86+x86_64 3.2.0 225.00 223.00 448.00 OK
r-oldrel-macos-x86_64 3.2.0 OK
r-oldrel-windows-ix86+x86_64 3.2.0 159.00 224.00 383.00 OK

Check Details

Version: 3.2.0
Check: installed package size
Result: NOTE
     installed size is 5.3Mb
     sub-directories of 1Mb or more:
     libs 4.1Mb
Flavor: r-release-macos-arm64