CRAN Package Check Results for Package cmdfun

Last updated on 2022-01-21 23:48:42 CET.

Flavor Version Tinstall Tcheck Ttotal Status Flags
r-devel-linux-x86_64-debian-clang 1.0.2 2.17 39.23 41.40 NOTE
r-devel-linux-x86_64-debian-gcc 1.0.2 2.19 30.81 33.00 NOTE
r-devel-linux-x86_64-fedora-clang 1.0.2 52.50 NOTE
r-devel-linux-x86_64-fedora-gcc 1.0.2 41.74 NOTE
r-devel-windows-x86_64-new-UL 1.0.2 32.00 72.00 104.00 NOTE
r-devel-windows-x86_64-new-TK 1.0.2 NOTE
r-patched-linux-x86_64 1.0.2 3.08 37.90 40.98 NOTE
r-release-linux-x86_64 1.0.2 3.08 37.19 40.27 NOTE
r-release-macos-arm64 1.0.2 NOTE
r-release-macos-x86_64 1.0.2 NOTE
r-release-windows-ix86+x86_64 1.0.2 7.00 49.00 56.00 NOTE
r-oldrel-macos-x86_64 1.0.2 OK
r-oldrel-windows-ix86+x86_64 1.0.2 7.00 50.00 57.00 OK

Check Details

Version: 1.0.2
Check: LazyData
Result: NOTE
     'LazyData' is specified without a 'data' directory
Flavors: r-devel-linux-x86_64-debian-clang, r-devel-linux-x86_64-debian-gcc, r-devel-linux-x86_64-fedora-clang, r-devel-linux-x86_64-fedora-gcc, r-devel-windows-x86_64-new-UL, r-devel-windows-x86_64-new-TK, r-patched-linux-x86_64, r-release-linux-x86_64, r-release-macos-arm64, r-release-macos-x86_64, r-release-windows-ix86+x86_64