CRAN Package Check Results for Package clusteredinterference

Last updated on 2022-01-22 23:52:05 CET.

Flavor Version Tinstall Tcheck Ttotal Status Flags
r-devel-linux-x86_64-debian-clang 1.0.1 4.13 373.36 377.49 OK
r-devel-linux-x86_64-debian-gcc 1.0.1 3.04 277.43 280.47 OK
r-devel-linux-x86_64-fedora-clang 1.0.1 437.07 OK
r-devel-linux-x86_64-fedora-gcc 1.0.1 435.56 OK
r-devel-windows-x86_64-new-UL 1.0.1 139.00 386.00 525.00 OK
r-devel-windows-x86_64-new-TK 1.0.1 ERROR
r-patched-linux-x86_64 1.0.1 3.45 364.60 368.05 OK
r-release-linux-x86_64 1.0.1 2.44 364.21 366.65 OK
r-release-macos-arm64 1.0.1 OK
r-release-macos-x86_64 1.0.1 OK
r-release-windows-ix86+x86_64 1.0.1 8.00 420.00 428.00 OK
r-oldrel-macos-x86_64 1.0.1 OK
r-oldrel-windows-ix86+x86_64 1.0.1 8.00 688.00 696.00 OK

Check Details

Version: 1.0.1
Check: package dependencies
Result: ERROR
    Package required but not available: 'lme4'
    
    See section 'The DESCRIPTION file' in the 'Writing R Extensions'
    manual.
Flavor: r-devel-windows-x86_64-new-TK