CRAN Package Check Results for Package clusterMI

Last updated on 2024-06-13 00:55:09 CEST.

Flavor Version Tinstall Tcheck Ttotal Status Flags
r-devel-linux-x86_64-debian-clang 1.1.1 94.87 431.32 526.19 OK
r-devel-linux-x86_64-debian-gcc 1.1.1 0.50 2.00 2.50 ERROR
r-devel-linux-x86_64-fedora-clang 1.1.1 646.48 OK
r-devel-linux-x86_64-fedora-gcc 1.1.1 644.40 OK
r-devel-windows-x86_64 1.1.1 68.00 306.00 374.00 OK
r-patched-linux-x86_64 1.1.1 79.77 432.54 512.31 OK
r-release-linux-x86_64 1.1.1 77.94 432.92 510.86 OK
r-release-macos-arm64 1.1.1 144.00 NOTE
r-release-macos-x86_64 1.1.1 303.00 NOTE
r-release-windows-x86_64 1.1.1 71.00 306.00 377.00 OK
r-oldrel-macos-arm64 1.1.1 205.00 NOTE
r-oldrel-macos-x86_64 1.1.1 327.00 NOTE
r-oldrel-windows-x86_64 1.1.1 88.00 419.00 507.00 OK

Check Details

Version: 1.1.1
Check: package dependencies
Result: ERROR Packages required but not available: 'mice', 'micemd', 'ClusterR', 'FactoMineR', 'diceR', 'NPBayesImputeCat', 'reshape2' Packages suggested but not available for checking: 'VIM', 'missMDA', 'clustrd', 'ggplot2' See section ‘The DESCRIPTION file’ in the ‘Writing R Extensions’ manual. Flavor: r-devel-linux-x86_64-debian-gcc

Version: 1.1.1
Check: installed package size
Result: NOTE installed size is 5.1Mb sub-directories of 1Mb or more: libs 4.2Mb Flavors: r-release-macos-arm64, r-release-macos-x86_64, r-oldrel-macos-arm64, r-oldrel-macos-x86_64