Last updated on 2023-03-20 00:54:01 CET.
Flavor | Version | Tinstall | Tcheck | Ttotal | Status | Flags |
---|---|---|---|---|---|---|
r-devel-linux-x86_64-debian-clang | 1.3.7 | NOTE | ||||
r-devel-linux-x86_64-debian-gcc | 1.3.7 | 4.07 | 32.13 | 36.20 | NOTE | |
r-devel-linux-x86_64-fedora-clang | 1.3.7 | 59.46 | NOTE | |||
r-devel-linux-x86_64-fedora-gcc | 1.3.7 | 58.70 | NOTE | |||
r-devel-windows-x86_64 | 1.3.7 | 59.00 | 68.00 | 127.00 | NOTE | |
r-patched-linux-x86_64 | 1.3.7 | 6.03 | 39.61 | 45.64 | OK | |
r-release-linux-x86_64 | 1.3.7 | 4.63 | 39.25 | 43.88 | OK | |
r-release-macos-arm64 | 1.3.7 | 20.00 | OK | |||
r-release-macos-x86_64 | 1.3.7 | 27.00 | OK | |||
r-release-windows-x86_64 | 1.3.7 | 114.00 | 67.00 | 181.00 | OK | |
r-oldrel-macos-arm64 | 1.3.7 | 24.00 | OK | |||
r-oldrel-macos-x86_64 | 1.3.7 | 40.00 | OK | |||
r-oldrel-windows-ix86+x86_64 | 1.3.7 | 10.00 | 64.00 | 74.00 | OK |
Version: 1.3.7
Check: Rd files
Result: NOTE
checkRd: (-1) genRandomClust.Rd:228: Escaped LaTeX specials: \_
checkRd: (-1) genRandomClust.Rd:259: Escaped LaTeX specials: \_
checkRd: (-1) genRandomClust.Rd:327: Escaped LaTeX specials: \_
checkRd: (-1) plot1DProjection.Rd:95: Escaped LaTeX specials: \_ \_
checkRd: (-1) plot2DProjection.Rd:117: Escaped LaTeX specials: \_ \_
checkRd: (-1) simClustDesign.Rd:235: Escaped LaTeX specials: \_
checkRd: (-1) simClustDesign.Rd:268: Escaped LaTeX specials: \_
checkRd: (-1) simClustDesign.Rd:331: Escaped LaTeX specials: \_
Flavors: r-devel-linux-x86_64-debian-clang, r-devel-linux-x86_64-debian-gcc, r-devel-linux-x86_64-fedora-clang, r-devel-linux-x86_64-fedora-gcc, r-devel-windows-x86_64