CRAN Package Check Results for Package cloudml

Last updated on 2024-06-13 00:55:09 CEST.

Flavor Version Tinstall Tcheck Ttotal Status Flags
r-devel-linux-x86_64-debian-clang 0.6.1 4.82 40.75 45.57 NOTE
r-devel-linux-x86_64-debian-gcc 0.6.1 0.43 1.71 2.14 ERROR
r-devel-linux-x86_64-fedora-clang 0.6.1 56.24 NOTE
r-devel-linux-x86_64-fedora-gcc 0.6.1 79.14 NOTE
r-devel-windows-x86_64 0.6.1 5.00 54.00 59.00 NOTE
r-patched-linux-x86_64 0.6.1 7.04 38.34 45.38 NOTE
r-release-linux-x86_64 0.6.1 4.09 39.35 43.44 NOTE
r-release-macos-arm64 0.6.1 34.00 NOTE
r-release-macos-x86_64 0.6.1 48.00 NOTE
r-release-windows-x86_64 0.6.1 6.00 55.00 61.00 NOTE
r-oldrel-macos-arm64 0.6.1 34.00 NOTE
r-oldrel-macos-x86_64 0.6.1 45.00 NOTE
r-oldrel-windows-x86_64 0.6.1 6.00 56.00 62.00 NOTE

Check Details

Version: 0.6.1
Check: LazyData
Result: NOTE 'LazyData' is specified without a 'data' directory Flavors: r-devel-linux-x86_64-debian-clang, r-devel-linux-x86_64-fedora-clang, r-devel-linux-x86_64-fedora-gcc, r-devel-windows-x86_64, r-patched-linux-x86_64, r-release-linux-x86_64, r-release-macos-arm64, r-release-macos-x86_64, r-release-windows-x86_64, r-oldrel-macos-arm64, r-oldrel-macos-x86_64, r-oldrel-windows-x86_64

Version: 0.6.1
Check: package dependencies
Result: ERROR Package required but not available: ‘tfruns’ Packages suggested but not available for checking: 'tensorflow', 'keras', 'testthat' See section ‘The DESCRIPTION file’ in the ‘Writing R Extensions’ manual. Flavor: r-devel-linux-x86_64-debian-gcc