CRAN Package Check Results for Package clock

Last updated on 2021-12-03 23:49:53 CET.

Flavor Version Tinstall Tcheck Ttotal Status Flags
r-devel-linux-x86_64-debian-clang 0.5.0 319.69 110.92 430.61 OK
r-devel-linux-x86_64-debian-gcc 0.6.0 219.93 93.51 313.44 OK
r-devel-linux-x86_64-fedora-clang 0.6.0 696.66 NOTE
r-devel-linux-x86_64-fedora-gcc 0.6.0 595.47 OK
r-devel-windows-x86_64-new-UL 0.6.0 343.00 236.00 579.00 NOTE
r-devel-windows-x86_64-new-TK 0.5.0 OK
r-devel-windows-x86_64-old 0.5.0 277.00 134.00 411.00 NOTE
r-patched-linux-x86_64 0.5.0 240.71 116.52 357.23 OK
r-release-linux-x86_64 0.5.0 246.59 117.63 364.22 OK
r-release-macos-arm64 0.6.0 NOTE
r-release-macos-x86_64 0.5.0 NOTE
r-release-windows-ix86+x86_64 0.6.0 448.00 215.00 663.00 NOTE
r-oldrel-macos-x86_64 0.5.0 NOTE
r-oldrel-windows-ix86+x86_64 0.5.0 560.00 255.00 815.00 NOTE

Check Details

Version: 0.6.0
Check: installed package size
Result: NOTE
     installed size is 44.1Mb
     sub-directories of 1Mb or more:
     libs 42.4Mb
Flavors: r-devel-linux-x86_64-fedora-clang, r-devel-windows-x86_64-new-UL, r-release-macos-arm64, r-release-windows-ix86+x86_64

Version: 0.5.0
Check: installed package size
Result: NOTE
     installed size is 5.5Mb
     sub-directories of 1Mb or more:
     libs 4.0Mb
Flavors: r-devel-windows-x86_64-old, r-release-macos-x86_64, r-oldrel-macos-x86_64, r-oldrel-windows-ix86+x86_64