Last updated on 2023-04-02 00:57:11 CEST.
Flavor | Version | Tinstall | Tcheck | Ttotal | Status | Flags |
---|---|---|---|---|---|---|
r-devel-linux-x86_64-debian-clang | 1.1.1 | 10.50 | 56.79 | 67.29 | OK | |
r-devel-linux-x86_64-debian-gcc | 1.1.1 | 8.12 | 42.23 | 50.35 | OK | |
r-devel-linux-x86_64-fedora-clang | 1.1.1 | 81.47 | OK | |||
r-devel-linux-x86_64-fedora-gcc | 1.1.1 | 78.38 | OK | |||
r-devel-windows-x86_64 | 1.1.1 | 22.00 | 90.00 | 112.00 | OK | |
r-patched-linux-x86_64 | 1.1.1 | 10.16 | 54.23 | 64.39 | OK | |
r-release-linux-x86_64 | 1.1.1 | 9.38 | 54.16 | 63.54 | OK | |
r-release-macos-arm64 | 1.1.1 | 10.00 | ERROR | |||
r-release-macos-x86_64 | 1.1.1 | 40.00 | OK | |||
r-release-windows-x86_64 | 1.1.1 | 51.00 | 103.00 | 154.00 | OK | |
r-oldrel-macos-arm64 | 1.1.1 | 38.00 | OK | |||
r-oldrel-macos-x86_64 | 1.1.1 | 44.00 | OK | |||
r-oldrel-windows-ix86+x86_64 | 1.1.1 | 29.00 | 104.00 | 133.00 | OK |
Version: 1.1.1
Check: whether package can be installed
Result: ERROR
Installation failed.
Flavor: r-release-macos-arm64