Last updated on 2023-02-06 23:55:39 CET.
Flavor | Version | Tinstall | Tcheck | Ttotal | Status | Flags |
---|---|---|---|---|---|---|
r-devel-linux-x86_64-debian-clang | 0.1.1 | 28.80 | 77.68 | 106.48 | NOTE | |
r-devel-linux-x86_64-debian-gcc | 0.1.1 | 22.84 | 59.37 | 82.21 | NOTE | |
r-devel-linux-x86_64-fedora-clang | 0.1.1 | 143.21 | NOTE | |||
r-devel-linux-x86_64-fedora-gcc | 0.1.1 | 136.15 | NOTE | |||
r-devel-windows-x86_64 | 0.1.1 | 45.00 | 125.00 | 170.00 | NOTE | |
r-patched-linux-x86_64 | 0.1.1 | 22.51 | 74.04 | 96.55 | NOTE | |
r-release-linux-x86_64 | 0.1.1 | 23.09 | 73.14 | 96.23 | NOTE | |
r-release-macos-arm64 | 0.1.1 | 36.00 | NOTE | |||
r-release-macos-x86_64 | 0.1.1 | 53.00 | NOTE | |||
r-release-windows-x86_64 | 0.1.1 | 39.00 | 126.00 | 165.00 | NOTE | |
r-oldrel-macos-arm64 | 0.1.1 | 44.00 | NOTE | |||
r-oldrel-macos-x86_64 | 0.1.1 | 86.00 | NOTE | |||
r-oldrel-windows-ix86+x86_64 | 0.1.1 | 69.00 | 146.00 | 215.00 | NOTE |
Version: 0.1.1
Check: LazyData
Result: NOTE
'LazyData' is specified without a 'data' directory
Flavors: r-devel-linux-x86_64-debian-clang, r-devel-linux-x86_64-debian-gcc, r-devel-linux-x86_64-fedora-clang, r-devel-linux-x86_64-fedora-gcc, r-devel-windows-x86_64, r-patched-linux-x86_64, r-release-linux-x86_64, r-release-macos-arm64, r-release-macos-x86_64, r-release-windows-x86_64, r-oldrel-macos-arm64, r-oldrel-macos-x86_64, r-oldrel-windows-ix86+x86_64