CRAN Package Check Results for Package circumplex

Last updated on 2024-06-14 00:53:37 CEST.

Flavor Version Tinstall Tcheck Ttotal Status Flags
r-devel-linux-x86_64-debian-clang 0.3.10 48.07 175.77 223.84 OK
r-devel-linux-x86_64-debian-gcc 0.3.10 0.71 1.92 2.63 ERROR
r-devel-linux-x86_64-fedora-clang 0.3.10 301.76 OK
r-devel-linux-x86_64-fedora-gcc 0.3.10 303.29 OK
r-devel-windows-x86_64 0.3.10 41.00 168.00 209.00 OK
r-patched-linux-x86_64 0.3.10 47.15 171.55 218.70 OK
r-release-linux-x86_64 0.3.10 38.07 174.48 212.55 OK
r-release-macos-arm64 0.3.10 81.00 OK
r-release-macos-x86_64 0.3.10 121.00 OK
r-release-windows-x86_64 0.3.10 44.00 171.00 215.00 OK
r-oldrel-macos-arm64 0.3.10 78.00 OK
r-oldrel-macos-x86_64 0.3.10 184.00 OK
r-oldrel-windows-x86_64 0.3.10 50.00 207.00 257.00 OK

Check Details

Version: 0.3.10
Check: package dependencies
Result: ERROR Packages required but not available: 'dplyr', 'ggforce', 'ggplot2', 'htmlTable', 'purrr', 'tibble', 'tidyr' Packages suggested but not available for checking: 'ggrepel', 'kableExtra', 'roxygen2', 'testthat', 'vdiffr' See section ‘The DESCRIPTION file’ in the ‘Writing R Extensions’ manual. Flavor: r-devel-linux-x86_64-debian-gcc