CRAN Package Check Results for Package cimir

Last updated on 2021-10-15 23:50:23 CEST.

Flavor Version Tinstall Tcheck Ttotal Status Flags
r-devel-linux-x86_64-debian-clang 0.4-1 5.23 48.14 53.37 NOTE
r-devel-linux-x86_64-debian-gcc 0.4-1 3.84 35.82 39.66 NOTE
r-devel-linux-x86_64-fedora-clang 0.4-1 74.06 NOTE
r-devel-linux-x86_64-fedora-gcc 0.4-1 60.40 NOTE
r-devel-windows-x86_64 0.4-1 8.00 54.00 62.00 NOTE
r-devel-windows-x86_64-gcc10-UCRT 0.4-1 NOTE
r-patched-linux-x86_64 0.4-1 2.95 45.69 48.64 NOTE
r-patched-solaris-x86 0.4-1 96.80 NOTE
r-release-linux-x86_64 0.4-1 3.13 44.98 48.11 NOTE
r-release-macos-arm64 0.4-1 NOTE
r-release-macos-x86_64 0.4-1 NOTE
r-release-windows-ix86+x86_64 0.4-1 12.00 71.00 83.00 NOTE
r-oldrel-macos-x86_64 0.4-1 OK
r-oldrel-windows-ix86+x86_64 0.4-1 13.00 70.00 83.00 OK

Check Details

Version: 0.4-1
Check: LazyData
Result: NOTE
     'LazyData' is specified without a 'data' directory
Flavors: r-devel-linux-x86_64-debian-clang, r-devel-linux-x86_64-debian-gcc, r-devel-linux-x86_64-fedora-clang, r-devel-linux-x86_64-fedora-gcc, r-devel-windows-x86_64, r-devel-windows-x86_64-gcc10-UCRT, r-patched-linux-x86_64, r-patched-solaris-x86, r-release-linux-x86_64, r-release-macos-arm64, r-release-macos-x86_64, r-release-windows-ix86+x86_64