CRAN Package Check Results for Package cifti

Last updated on 2021-10-19 23:52:50 CEST.

Flavor Version Tinstall Tcheck Ttotal Status Flags
r-devel-linux-x86_64-debian-clang 0.4.5 5.81 54.89 60.70 NOTE
r-devel-linux-x86_64-debian-gcc 0.4.5 4.66 42.80 47.46 NOTE
r-devel-linux-x86_64-fedora-clang 0.4.5 84.60 NOTE
r-devel-linux-x86_64-fedora-gcc 0.4.5 72.35 NOTE
r-devel-windows-x86_64 0.4.5 9.00 83.00 92.00 NOTE
r-devel-windows-x86_64-gcc10-UCRT 0.4.5 NOTE
r-patched-linux-x86_64 0.4.5 5.82 53.80 59.62 NOTE
r-patched-solaris-x86 0.4.5 93.70 NOTE
r-release-linux-x86_64 0.4.5 5.53 53.78 59.31 NOTE
r-release-macos-arm64 0.4.5 NOTE
r-release-macos-x86_64 0.4.5 NOTE
r-release-windows-ix86+x86_64 0.4.5 13.00 78.00 91.00 NOTE
r-oldrel-macos-x86_64 0.4.5 OK
r-oldrel-windows-ix86+x86_64 0.4.5 14.00 81.00 95.00 OK

Check Details

Version: 0.4.5
Check: LazyData
Result: NOTE
     'LazyData' is specified without a 'data' directory
Flavors: r-devel-linux-x86_64-debian-clang, r-devel-linux-x86_64-debian-gcc, r-devel-linux-x86_64-fedora-clang, r-devel-linux-x86_64-fedora-gcc, r-devel-windows-x86_64, r-devel-windows-x86_64-gcc10-UCRT, r-patched-linux-x86_64, r-patched-solaris-x86, r-release-linux-x86_64, r-release-macos-arm64, r-release-macos-x86_64, r-release-windows-ix86+x86_64