Last updated on 2023-06-07 01:03:21 CEST.
Flavor | Version | Tinstall | Tcheck | Ttotal | Status | Flags |
---|---|---|---|---|---|---|
r-devel-linux-x86_64-debian-clang | 0.4.5 | 7.08 | 61.99 | 69.07 | NOTE | |
r-devel-linux-x86_64-debian-gcc | 0.4.5 | 4.41 | 47.73 | 52.14 | NOTE | |
r-devel-linux-x86_64-fedora-clang | 0.4.5 | 86.61 | NOTE | |||
r-devel-linux-x86_64-fedora-gcc | 0.4.5 | 91.24 | NOTE | |||
r-devel-windows-x86_64 | 0.4.5 | 7.00 | 64.00 | 71.00 | NOTE | |
r-patched-linux-x86_64 | 0.4.5 | 6.46 | 58.36 | 64.82 | NOTE | |
r-release-linux-x86_64 | 0.4.5 | 6.56 | 59.12 | 65.68 | NOTE | |
r-release-macos-arm64 | 0.4.5 | 34.00 | NOTE | |||
r-release-macos-x86_64 | 0.4.5 | 51.00 | NOTE | |||
r-release-windows-x86_64 | 0.4.5 | 8.00 | 75.00 | 83.00 | NOTE | |
r-oldrel-macos-arm64 | 0.4.5 | 27.00 | NOTE | |||
r-oldrel-macos-x86_64 | 0.4.5 | 41.00 | NOTE | |||
r-oldrel-windows-x86_64 | 0.4.5 | 9.00 | 78.00 | 87.00 | NOTE |
Version: 0.4.5
Check: LazyData
Result: NOTE
'LazyData' is specified without a 'data' directory
Flavors: r-devel-linux-x86_64-debian-clang, r-devel-linux-x86_64-debian-gcc, r-devel-linux-x86_64-fedora-clang, r-devel-linux-x86_64-fedora-gcc, r-devel-windows-x86_64, r-patched-linux-x86_64, r-release-linux-x86_64, r-release-macos-arm64, r-release-macos-x86_64, r-release-windows-x86_64, r-oldrel-macos-arm64, r-oldrel-macos-x86_64, r-oldrel-windows-x86_64