CRAN Package Check Results for Package checkpoint

Last updated on 2024-07-21 00:56:13 CEST.

Flavor Version Tinstall Tcheck Ttotal Status Flags
r-devel-linux-x86_64-debian-clang 1.0.2 2.31 30.76 33.07 NOTE
r-devel-linux-x86_64-debian-gcc 1.0.2 1.71 23.34 25.05 NOTE
r-devel-linux-x86_64-fedora-clang 1.0.2 44.43 NOTE
r-devel-linux-x86_64-fedora-gcc 1.0.2 54.54 NOTE
r-devel-windows-x86_64 1.0.2 4.00 46.00 50.00 NOTE
r-patched-linux-x86_64 1.0.2 6.77 29.44 36.21 NOTE
r-release-linux-x86_64 1.0.2 2.00 29.07 31.07 NOTE
r-release-macos-arm64 1.0.2 25.00 NOTE
r-release-macos-x86_64 1.0.2 44.00 NOTE
r-release-windows-x86_64 1.0.2 3.00 46.00 49.00 NOTE
r-oldrel-macos-arm64 1.0.2 25.00 NOTE
r-oldrel-macos-x86_64 1.0.2 35.00 NOTE
r-oldrel-windows-x86_64 1.0.2 4.00 48.00 52.00 NOTE

Check Details

Version: 1.0.2
Check: package dependencies
Result: NOTE Package suggested but not available for checking: ‘darts’ Flavors: r-devel-linux-x86_64-debian-clang, r-devel-linux-x86_64-debian-gcc, r-devel-linux-x86_64-fedora-clang, r-devel-linux-x86_64-fedora-gcc, r-devel-windows-x86_64, r-patched-linux-x86_64, r-release-linux-x86_64, r-release-macos-arm64, r-release-macos-x86_64, r-release-windows-x86_64, r-oldrel-macos-arm64, r-oldrel-macos-x86_64, r-oldrel-windows-x86_64

Version: 1.0.2
Check: dependencies in R code
Result: NOTE Namespace in Imports field not imported from: ‘jsonlite’ All declared Imports should be used. Flavors: r-devel-linux-x86_64-fedora-clang, r-devel-linux-x86_64-fedora-gcc

Version: 1.0.2
Check: Rd cross-references
Result: NOTE Found the following Rd file(s) with Rd \link{} targets missing package anchors: checkpoint.Rd: pkgdepends Please provide package anchors for all Rd \link{} targets not in the package itself and the base packages. Flavor: r-devel-windows-x86_64