CRAN Package Check Results for Package chartql

Last updated on 2023-05-30 00:59:40 CEST.

Flavor Version Tinstall Tcheck Ttotal Status Flags
r-devel-linux-x86_64-debian-clang 0.1.0 4.73 51.26 55.99 NOTE
r-devel-linux-x86_64-debian-gcc 0.1.0 3.65 38.59 42.24 NOTE
r-devel-linux-x86_64-fedora-clang 0.1.0 70.30 NOTE
r-devel-linux-x86_64-fedora-gcc 0.1.0 67.06 NOTE
r-devel-windows-x86_64 0.1.0 7.00 57.00 64.00 NOTE
r-patched-linux-x86_64 0.1.0 5.67 47.69 53.36 NOTE
r-release-linux-x86_64 0.1.0 4.80 48.13 52.93 NOTE
r-release-macos-arm64 0.1.0 25.00 NOTE
r-release-macos-x86_64 0.1.0 35.00 NOTE
r-release-windows-x86_64 0.1.0 8.00 63.00 71.00 NOTE
r-oldrel-macos-arm64 0.1.0 25.00 NOTE
r-oldrel-macos-x86_64 0.1.0 45.00 NOTE
r-oldrel-windows-x86_64 0.1.0 8.00 69.00 77.00 NOTE

Check Details

Version: 0.1.0
Check: LazyData
Result: NOTE
     'LazyData' is specified without a 'data' directory
Flavors: r-devel-linux-x86_64-debian-clang, r-devel-linux-x86_64-debian-gcc, r-devel-linux-x86_64-fedora-clang, r-devel-linux-x86_64-fedora-gcc, r-devel-windows-x86_64, r-patched-linux-x86_64, r-release-linux-x86_64, r-release-macos-arm64, r-release-macos-x86_64, r-release-windows-x86_64, r-oldrel-macos-arm64, r-oldrel-macos-x86_64, r-oldrel-windows-x86_64