CRAN Package Check Results for Package chantrics

Last updated on 2022-01-21 23:48:41 CET.

Flavor Version Tinstall Tcheck Ttotal Status Flags
r-devel-linux-x86_64-debian-clang 1.0.0 2.43 126.02 128.45 OK
r-devel-linux-x86_64-debian-gcc 1.0.0 1.91 96.19 98.10 OK
r-devel-linux-x86_64-fedora-clang 1.0.0 166.91 NOTE
r-devel-linux-x86_64-fedora-gcc 1.0.0 145.90 NOTE
r-devel-windows-x86_64-new-UL 1.0.0 35.00 175.00 210.00 OK
r-devel-windows-x86_64-new-TK 1.0.0 NOTE
r-patched-linux-x86_64 1.0.0 3.19 124.89 128.08 OK
r-release-linux-x86_64 1.0.0 2.84 121.53 124.37 OK
r-release-macos-arm64 1.0.0 NOTE
r-release-macos-x86_64 1.0.0 NOTE
r-release-windows-ix86+x86_64 1.0.0 8.00 152.00 160.00 OK
r-oldrel-macos-x86_64 1.0.0 NOTE
r-oldrel-windows-ix86+x86_64 1.0.0 8.00 171.00 179.00 OK

Check Details

Version: 1.0.0
Check: dependencies in R code
Result: NOTE
    Namespaces in Imports field not imported from:
     ‘AER’ ‘graphics’ ‘lmtest’
     All declared Imports should be used.
Flavors: r-devel-linux-x86_64-fedora-clang, r-devel-linux-x86_64-fedora-gcc, r-devel-windows-x86_64-new-TK, r-release-macos-arm64, r-release-macos-x86_64, r-oldrel-macos-x86_64