CRAN Package Check Results for Package cesR

Last updated on 2024-06-25 00:57:54 CEST.

Flavor Version Tinstall Tcheck Ttotal Status Flags
r-devel-linux-x86_64-debian-clang 0.1.0 3.33 37.51 40.84 NOTE
r-devel-linux-x86_64-debian-gcc 0.1.0 2.37 29.50 31.87 NOTE
r-devel-linux-x86_64-fedora-clang 0.1.0 52.75 NOTE
r-devel-linux-x86_64-fedora-gcc 0.1.0 62.47 NOTE
r-devel-windows-x86_64 0.1.0 4.00 52.00 56.00 NOTE
r-patched-linux-x86_64 0.1.0 2.09 37.09 39.18 NOTE
r-release-linux-x86_64 0.1.0 1.94 36.72 38.66 NOTE
r-release-macos-arm64 0.1.0 37.00 NOTE
r-release-macos-x86_64 0.1.0 41.00 NOTE
r-release-windows-x86_64 0.1.0 4.00 52.00 56.00 NOTE
r-oldrel-macos-arm64 0.1.0 30.00 NOTE
r-oldrel-macos-x86_64 0.1.0 42.00 NOTE
r-oldrel-windows-x86_64 0.1.0 5.00 53.00 58.00 NOTE

Check Details

Version: 0.1.0
Check: package subdirectories
Result: NOTE Problems with news in ‘NEWS.md’: No news entries found. Flavors: r-devel-linux-x86_64-debian-clang, r-devel-linux-x86_64-debian-gcc, r-devel-linux-x86_64-fedora-clang, r-devel-linux-x86_64-fedora-gcc, r-devel-windows-x86_64, r-patched-linux-x86_64, r-release-linux-x86_64, r-release-macos-arm64, r-release-macos-x86_64, r-release-windows-x86_64, r-oldrel-macos-arm64, r-oldrel-macos-x86_64, r-oldrel-windows-x86_64