CRAN Package Check Results for Package censys

Last updated on 2022-01-21 23:48:41 CET.

Flavor Version Tinstall Tcheck Ttotal Status Flags
r-devel-linux-x86_64-debian-clang 0.1.0 2.49 36.23 38.72 NOTE
r-devel-linux-x86_64-debian-gcc 0.1.0 1.87 29.16 31.03 NOTE
r-devel-linux-x86_64-fedora-clang 0.1.0 50.64 NOTE
r-devel-linux-x86_64-fedora-gcc 0.1.0 37.66 NOTE
r-devel-windows-x86_64-new-UL 0.1.0 16.00 57.00 73.00 NOTE
r-devel-windows-x86_64-new-TK 0.1.0 NOTE
r-patched-linux-x86_64 0.1.0 2.79 34.50 37.29 NOTE
r-release-linux-x86_64 0.1.0 2.62 35.55 38.17 NOTE
r-release-macos-arm64 0.1.0 NOTE
r-release-macos-x86_64 0.1.0 NOTE
r-release-windows-ix86+x86_64 0.1.0 5.00 45.00 50.00 NOTE
r-oldrel-macos-x86_64 0.1.0 OK
r-oldrel-windows-ix86+x86_64 0.1.0 5.00 46.00 51.00 OK

Check Details

Version: 0.1.0
Check: LazyData
Result: NOTE
     'LazyData' is specified without a 'data' directory
Flavors: r-devel-linux-x86_64-debian-clang, r-devel-linux-x86_64-debian-gcc, r-devel-linux-x86_64-fedora-clang, r-devel-linux-x86_64-fedora-gcc, r-devel-windows-x86_64-new-UL, r-devel-windows-x86_64-new-TK, r-patched-linux-x86_64, r-release-linux-x86_64, r-release-macos-arm64, r-release-macos-x86_64, r-release-windows-ix86+x86_64