CRAN Package Check Results for Package censReg

Last updated on 2021-08-03 23:52:01 CEST.

Flavor Version Tinstall Tcheck Ttotal Status Flags
r-devel-linux-x86_64-debian-clang 0.5-32 5.72 95.11 100.83 OK
r-devel-linux-x86_64-debian-gcc 0.5-32 4.32 67.33 71.65 OK
r-devel-linux-x86_64-fedora-clang 0.5-32 128.09 NOTE
r-devel-linux-x86_64-fedora-gcc 0.5-32 116.01 OK
r-devel-windows-x86_64 0.5-32 7.00 141.00 148.00 OK
r-devel-windows-x86_64-gcc10-UCRT 0.5-32 OK
r-patched-linux-x86_64 0.5-32 4.93 89.28 94.21 OK
r-patched-solaris-x86 0.5-32 170.70 OK
r-release-linux-x86_64 0.5-32 5.47 90.31 95.78 OK
r-release-macos-arm64 0.5-32 OK
r-release-macos-x86_64 0.5-32 OK
r-release-windows-ix86+x86_64 0.5-32 14.00 89.00 103.00 OK
r-oldrel-macos-x86_64 0.5-32 OK
r-oldrel-windows-ix86+x86_64 0.5-32 9.00 130.00 139.00 OK

Check Details

Version: 0.5-32
Check: Rd cross-references
Result: NOTE
    Undeclared package ‘sampleSelection’ in Rd xrefs
Flavor: r-devel-linux-x86_64-fedora-clang