CRAN Package Check Results for Package cellWise

Last updated on 2024-06-14 00:53:37 CEST.

Flavor Version Tinstall Tcheck Ttotal Status Flags
r-devel-linux-x86_64-debian-clang 2.5.3 149.77 327.63 477.40 OK
r-devel-linux-x86_64-debian-gcc 2.5.3 0.85 1.95 2.80 ERROR
r-devel-linux-x86_64-fedora-clang 2.5.3 685.67 NOTE
r-devel-linux-x86_64-fedora-gcc 2.5.3 700.46 OK
r-devel-windows-x86_64 2.5.3 126.00 286.00 412.00 NOTE
r-patched-linux-x86_64 2.5.3 145.13 331.60 476.73 OK
r-release-linux-x86_64 2.5.3 134.51 337.84 472.35 OK
r-release-macos-arm64 2.5.3 147.00 NOTE
r-release-macos-x86_64 2.5.3 217.00 NOTE
r-release-windows-x86_64 2.5.3 132.00 281.00 413.00 NOTE
r-oldrel-macos-arm64 2.5.3 169.00 NOTE
r-oldrel-macos-x86_64 2.5.3 309.00 NOTE
r-oldrel-windows-x86_64 2.5.3 151.00 359.00 510.00 NOTE

Check Details

Version: 2.5.3
Check: package dependencies
Result: ERROR Packages required but not available: 'reshape2', 'ggplot2' Packages suggested but not available for checking: 'robustHD', 'rospca', 'GSE' See section ‘The DESCRIPTION file’ in the ‘Writing R Extensions’ manual. Flavor: r-devel-linux-x86_64-debian-gcc

Version: 2.5.3
Check: installed package size
Result: NOTE installed size is 6.6Mb sub-directories of 1Mb or more: data 3.2Mb doc 2.0Mb Flavors: r-devel-linux-x86_64-fedora-clang, r-devel-windows-x86_64, r-release-macos-arm64, r-release-macos-x86_64, r-release-windows-x86_64, r-oldrel-macos-arm64, r-oldrel-macos-x86_64, r-oldrel-windows-x86_64