CRAN Package Check Results for Package cellKey

Last updated on 2024-06-14 00:53:37 CEST.

Flavor Version Tinstall Tcheck Ttotal Status Flags
r-devel-linux-x86_64-debian-clang 1.0.2 57.66 156.53 214.19 OK
r-devel-linux-x86_64-debian-gcc 1.0.2 0.76 1.88 2.64 ERROR
r-devel-linux-x86_64-fedora-clang 1.0.2 277.46 OK
r-devel-linux-x86_64-fedora-gcc 1.0.2 281.37 OK
r-devel-windows-x86_64 1.0.2 52.00 130.00 182.00 OK
r-patched-linux-x86_64 1.0.2 52.83 150.88 203.71 OK
r-release-linux-x86_64 1.0.2 44.19 146.07 190.26 OK
r-release-macos-arm64 1.0.2 112.00 NOTE
r-release-macos-x86_64 1.0.2 147.00 NOTE
r-release-windows-x86_64 1.0.2 49.00 131.00 180.00 OK
r-oldrel-macos-arm64 1.0.2 108.00 NOTE
r-oldrel-macos-x86_64 1.0.2 383.00 NOTE
r-oldrel-windows-x86_64 1.0.2 72.00 162.00 234.00 OK

Check Details

Version: 1.0.2
Check: package dependencies
Result: ERROR Packages required but not available: 'sdcHierarchies', 'sdcTable', 'ptable' Package suggested but not available for checking: ‘testthat’ See section ‘The DESCRIPTION file’ in the ‘Writing R Extensions’ manual. Flavor: r-devel-linux-x86_64-debian-gcc

Version: 1.0.2
Check: installed package size
Result: NOTE installed size is 5.9Mb sub-directories of 1Mb or more: data 5.5Mb Flavors: r-release-macos-arm64, r-release-macos-x86_64, r-oldrel-macos-arm64, r-oldrel-macos-x86_64