CRAN Package Check Results for Package cdata

Last updated on 2021-05-06 23:49:26 CEST.

Flavor Version Tinstall Tcheck Ttotal Status Flags
r-devel-linux-x86_64-debian-clang 1.1.9 4.66 96.82 101.48 NOTE
r-devel-linux-x86_64-debian-gcc 1.1.9 3.70 57.94 61.64 NOTE
r-devel-linux-x86_64-fedora-clang 1.1.9 114.76 NOTE
r-devel-linux-x86_64-fedora-gcc 1.1.9 95.46 NOTE
r-devel-windows-ix86+x86_64 1.1.9 7.00 94.00 101.00 NOTE
r-devel-windows-x86_64-gcc10-UCRT 1.1.9 NOTE
r-patched-linux-x86_64 1.1.9 4.45 72.09 76.54 NOTE
r-patched-solaris-x86 1.1.9 121.10 OK
r-release-linux-x86_64 1.1.9 4.96 72.47 77.43 OK
r-release-macos-x86_64 1.1.9 OK
r-release-windows-ix86+x86_64 1.1.9 7.00 71.00 78.00 OK
r-oldrel-macos-x86_64 1.1.9 OK
r-oldrel-windows-ix86+x86_64 1.1.9 8.00 90.00 98.00 OK

Check Details

Version: 1.1.9
Check: LazyData
Result: NOTE
     'LazyData' is specified without a 'data' directory
Flavors: r-devel-linux-x86_64-debian-clang, r-devel-linux-x86_64-debian-gcc, r-devel-linux-x86_64-fedora-clang, r-devel-linux-x86_64-fedora-gcc, r-devel-windows-ix86+x86_64, r-devel-windows-x86_64-gcc10-UCRT, r-patched-linux-x86_64