CRAN Package Check Results for Package cctools

Last updated on 2021-12-04 23:50:27 CET.

Flavor Version Tinstall Tcheck Ttotal Status Flags
r-devel-linux-x86_64-debian-clang 0.1.2 36.45 85.07 121.52 NOTE
r-devel-linux-x86_64-debian-gcc 0.1.2 24.26 66.79 91.05 NOTE
r-devel-linux-x86_64-fedora-clang 0.1.2 156.18 NOTE
r-devel-linux-x86_64-fedora-gcc 0.1.2 140.79 NOTE
r-devel-windows-x86_64-new-UL 0.1.2 48.00 142.00 190.00 NOTE
r-devel-windows-x86_64-new-TK 0.1.2 NOTE
r-devel-windows-x86_64-old 0.1.2 47.00 78.00 125.00 NOTE
r-patched-linux-x86_64 0.1.2 33.67 75.04 108.71 NOTE
r-release-linux-x86_64 0.1.2 31.84 75.05 106.89 NOTE
r-release-macos-arm64 0.1.2 NOTE
r-release-macos-x86_64 0.1.2 NOTE
r-release-windows-ix86+x86_64 0.1.2 89.00 147.00 236.00 NOTE
r-oldrel-macos-x86_64 0.1.2 OK
r-oldrel-windows-ix86+x86_64 0.1.2 87.00 144.00 231.00 OK

Check Details

Version: 0.1.2
Check: LazyData
Result: NOTE
     'LazyData' is specified without a 'data' directory
Flavors: r-devel-linux-x86_64-debian-clang, r-devel-linux-x86_64-debian-gcc, r-devel-linux-x86_64-fedora-clang, r-devel-linux-x86_64-fedora-gcc, r-devel-windows-x86_64-new-UL, r-devel-windows-x86_64-new-TK, r-devel-windows-x86_64-old, r-patched-linux-x86_64, r-release-linux-x86_64, r-release-macos-arm64, r-release-macos-x86_64, r-release-windows-ix86+x86_64