CRAN Package Check Results for Package catsim

Last updated on 2022-01-16 23:51:27 CET.

Flavor Version Tinstall Tcheck Ttotal Status Flags
r-devel-linux-x86_64-debian-clang 0.2.3 44.98 196.65 241.63 OK
r-devel-linux-x86_64-debian-gcc 0.2.3 38.78 148.87 187.65 OK
r-devel-linux-x86_64-fedora-clang 0.2.3 328.13 NOTE
r-devel-linux-x86_64-fedora-gcc 0.2.3 296.63 OK
r-devel-windows-x86_64-new-UL 0.2.3 69.00 235.00 304.00 OK
r-devel-windows-x86_64-new-TK 0.2.3 OK
r-patched-linux-x86_64 0.2.3 32.60 187.74 220.34 OK
r-release-linux-x86_64 0.2.3 OK
r-release-macos-arm64 0.2.3 NOTE
r-release-macos-x86_64 0.2.3 NOTE
r-release-windows-ix86+x86_64 0.2.3 113.00 273.00 386.00 OK
r-oldrel-macos-x86_64 0.2.3 NOTE
r-oldrel-windows-ix86+x86_64 0.2.3 113.00 264.00 377.00 OK

Check Details

Version: 0.2.3
Check: installed package size
Result: NOTE
     installed size is 5.4Mb
     sub-directories of 1Mb or more:
     libs 5.1Mb
Flavors: r-devel-linux-x86_64-fedora-clang, r-release-macos-arm64, r-release-macos-x86_64, r-oldrel-macos-x86_64