Last updated on 2023-01-27 23:37:53 CET.
Flavor | Version | Tinstall | Tcheck | Ttotal | Status | Flags |
---|---|---|---|---|---|---|
r-devel-linux-x86_64-debian-clang | 1.6.4 | 2.14 | 33.55 | 35.69 | NOTE | |
r-devel-linux-x86_64-debian-gcc | 1.6.4 | 2.45 | 26.28 | 28.73 | NOTE | |
r-devel-linux-x86_64-fedora-clang | 1.6.4 | 46.72 | NOTE | |||
r-devel-linux-x86_64-fedora-gcc | 1.6.4 | 43.90 | NOTE | |||
r-devel-windows-x86_64 | 1.6.4 | 13.00 | 60.00 | 73.00 | OK | |
r-patched-linux-x86_64 | 1.6.4 | 3.32 | 33.60 | 36.92 | NOTE | |
r-release-linux-x86_64 | 1.6.4 | 2.90 | 33.54 | 36.44 | NOTE | |
r-release-macos-arm64 | 1.6.4 | 19.00 | OK | |||
r-release-macos-x86_64 | 1.6.4 | 25.00 | OK | |||
r-release-windows-x86_64 | 1.6.4 | 10.00 | 61.00 | 71.00 | OK | |
r-oldrel-macos-arm64 | 1.6.4 | 22.00 | OK | |||
r-oldrel-macos-x86_64 | 1.6.4 | 33.00 | OK | |||
r-oldrel-windows-ix86+x86_64 | 1.6.4 | 6.00 | 61.00 | 67.00 | OK |
Version: 1.6.4
Check: for non-standard things in the check directory
Result: NOTE
Found the following files/directories:
‘catmapdata.fixed.effects.plot.pdf’ ‘catmapdata.funnel.plot.pdf’
‘catmapdata.output.txt’ ‘catmapdata.random.effects.plot.pdf’
Flavors: r-devel-linux-x86_64-debian-clang, r-devel-linux-x86_64-debian-gcc, r-devel-linux-x86_64-fedora-clang, r-devel-linux-x86_64-fedora-gcc, r-patched-linux-x86_64, r-release-linux-x86_64