CRAN Package Check Results for Package catlearn

Last updated on 2024-06-14 00:53:37 CEST.

Flavor Version Tinstall Tcheck Ttotal Status Flags
r-devel-linux-x86_64-debian-clang 1.0 158.69 56.94 215.63 NOTE
r-devel-linux-x86_64-debian-gcc 1.0 0.47 1.63 2.10 ERROR
r-devel-linux-x86_64-fedora-clang 1.0 305.29 NOTE
r-devel-linux-x86_64-fedora-gcc 1.0 324.31 NOTE
r-devel-windows-x86_64 1.0 116.00 86.00 202.00 NOTE
r-patched-linux-x86_64 1.0 134.07 55.02 189.09 NOTE
r-release-linux-x86_64 1.0 117.17 54.57 171.74 NOTE
r-release-macos-arm64 1.0 57.00 NOTE
r-release-macos-x86_64 1.0 59.00 NOTE
r-release-windows-x86_64 1.0 119.00 86.00 205.00 NOTE
r-oldrel-macos-arm64 1.0 66.00 NOTE
r-oldrel-macos-x86_64 1.0 120.00 NOTE
r-oldrel-windows-x86_64 1.0 145.00 100.00 245.00 OK

Check Details

Version: 1.0
Check: Rd files
Result: NOTE checkRd: (-1) slpDGCM.Rd:130-133: Lost braces 130 | \code{x1, x2, x3, \dots}- {input to the model, there must be one column | ^ Flavors: r-devel-linux-x86_64-debian-clang, r-devel-linux-x86_64-fedora-clang, r-devel-linux-x86_64-fedora-gcc, r-devel-windows-x86_64, r-patched-linux-x86_64, r-release-linux-x86_64, r-release-macos-arm64, r-release-macos-x86_64, r-release-windows-x86_64

Version: 1.0
Check: package dependencies
Result: ERROR Packages required but not available: 'tidyr', 'dplyr' Package suggested but not available for checking: ‘testthat’ See section ‘The DESCRIPTION file’ in the ‘Writing R Extensions’ manual. Flavor: r-devel-linux-x86_64-debian-gcc

Version: 1.0
Check: installed package size
Result: NOTE installed size is 5.4Mb sub-directories of 1Mb or more: libs 5.0Mb Flavors: r-release-macos-arm64, r-release-macos-x86_64, r-oldrel-macos-arm64, r-oldrel-macos-x86_64