Last updated on 2023-06-02 01:00:21 CEST.
Flavor | Version | Tinstall | Tcheck | Ttotal | Status | Flags |
---|---|---|---|---|---|---|
r-devel-linux-x86_64-debian-clang | 2.0.0 | 2.46 | 27.68 | 30.14 | OK | |
r-devel-linux-x86_64-debian-gcc | 2.0.0 | 1.64 | 22.47 | 24.11 | OK | |
r-devel-linux-x86_64-fedora-clang | 2.0.0 | 37.88 | NOTE | |||
r-devel-linux-x86_64-fedora-gcc | 2.0.0 | 51.59 | NOTE | |||
r-devel-windows-x86_64 | 2.0.0 | 5.00 | 93.00 | 98.00 | OK | |
r-patched-linux-x86_64 | 2.0.0 | OK | ||||
r-release-linux-x86_64 | 2.0.0 | 2.24 | 27.16 | 29.40 | OK | |
r-release-macos-arm64 | 2.0.0 | 75.00 | OK | |||
r-release-macos-x86_64 | 2.0.0 | 88.00 | OK | |||
r-release-windows-x86_64 | 2.0.0 | 5.00 | 99.00 | 104.00 | OK | |
r-oldrel-macos-arm64 | 2.0.0 | 76.00 | NOTE | |||
r-oldrel-macos-x86_64 | 2.0.0 | 74.00 | NOTE | |||
r-oldrel-windows-x86_64 | 2.0.0 | 4.00 | 90.00 | 94.00 | OK |
Version: 2.0.0
Check: dependencies in R code
Result: NOTE
Namespace in Imports field not imported from: ‘R.utils’
All declared Imports should be used.
Flavors: r-devel-linux-x86_64-fedora-clang, r-devel-linux-x86_64-fedora-gcc, r-oldrel-macos-arm64, r-oldrel-macos-x86_64