CRAN Package Check Results for Package card

Last updated on 2023-05-31 01:03:14 CEST.

Flavor Version Tinstall Tcheck Ttotal Status Flags
r-devel-linux-x86_64-debian-clang 0.1.0 11.47 135.66 147.13 NOTE
r-devel-linux-x86_64-debian-gcc 0.1.0 9.36 100.97 110.33 NOTE
r-devel-linux-x86_64-fedora-clang 0.1.0 182.85 NOTE
r-devel-linux-x86_64-fedora-gcc 0.1.0 183.14 NOTE
r-devel-windows-x86_64 0.1.0 12.00 118.00 130.00 NOTE
r-patched-linux-x86_64 0.1.0 11.08 125.44 136.52 NOTE
r-release-linux-x86_64 0.1.0 7.86 127.21 135.07 NOTE
r-release-macos-arm64 0.1.0 63.00 NOTE
r-release-macos-x86_64 0.1.0 101.00 NOTE
r-release-windows-x86_64 0.1.0 16.00 146.00 162.00 NOTE
r-oldrel-macos-arm64 0.1.0 53.00 NOTE
r-oldrel-macos-x86_64 0.1.0 89.00 NOTE
r-oldrel-windows-x86_64 0.1.0 16.00 149.00 165.00 OK

Check Details

Version: 0.1.0
Check: package subdirectories
Result: NOTE
    Problems with news in ‘NEWS.md’:
    No news entries found.
Flavors: r-devel-linux-x86_64-debian-clang, r-devel-linux-x86_64-debian-gcc, r-devel-linux-x86_64-fedora-clang, r-devel-linux-x86_64-fedora-gcc, r-devel-windows-x86_64, r-patched-linux-x86_64, r-release-linux-x86_64, r-release-macos-arm64, r-release-macos-x86_64, r-release-windows-x86_64

Version: 0.1.0
Check: dependencies in R code
Result: NOTE
    Namespaces in Imports field not imported from:
     ‘Hmisc’ ‘methods’ ‘readr’ ‘recipes’ ‘sf’ ‘stringr’ ‘utils’
     All declared Imports should be used.
Flavors: r-devel-linux-x86_64-fedora-clang, r-devel-linux-x86_64-fedora-gcc, r-oldrel-macos-arm64, r-oldrel-macos-x86_64