CRAN Package Check Results for Package carbonate

Last updated on 2021-12-03 23:49:52 CET.

Flavor Version Tinstall Tcheck Ttotal Status Flags
r-devel-linux-x86_64-debian-clang 0.1.3 6.21 45.67 51.88 NOTE
r-devel-linux-x86_64-debian-gcc 0.1.3 3.69 35.42 39.11 NOTE
r-devel-linux-x86_64-fedora-clang 0.1.3 74.46 NOTE
r-devel-linux-x86_64-fedora-gcc 0.1.3 60.68 NOTE
r-devel-windows-x86_64-new-UL 0.1.3 13.00 88.00 101.00 NOTE
r-devel-windows-x86_64-new-TK 0.1.3 NOTE
r-devel-windows-x86_64-old 0.1.3 10.00 51.00 61.00 NOTE
r-patched-linux-x86_64 0.1.3 6.52 42.69 49.21 NOTE
r-release-linux-x86_64 0.1.3 5.02 42.75 47.77 NOTE
r-release-macos-arm64 0.1.3 NOTE
r-release-macos-x86_64 0.1.3 NOTE
r-release-windows-ix86+x86_64 0.1.3 13.00 69.00 82.00 NOTE
r-oldrel-macos-x86_64 0.1.3 NOTE
r-oldrel-windows-ix86+x86_64 0.1.3 13.00 66.00 79.00 OK

Check Details

Version: 0.1.3
Check: LazyData
Result: NOTE
     'LazyData' is specified without a 'data' directory
Flavors: r-devel-linux-x86_64-debian-clang, r-devel-linux-x86_64-debian-gcc, r-devel-linux-x86_64-fedora-clang, r-devel-linux-x86_64-fedora-gcc, r-devel-windows-x86_64-new-UL, r-devel-windows-x86_64-new-TK, r-devel-windows-x86_64-old, r-patched-linux-x86_64, r-release-linux-x86_64, r-release-macos-arm64, r-release-macos-x86_64, r-release-windows-ix86+x86_64

Version: 0.1.3
Check: dependencies in R code
Result: NOTE
    Namespace in Imports field not imported from: ‘details’
     All declared Imports should be used.
Flavors: r-devel-linux-x86_64-fedora-clang, r-devel-linux-x86_64-fedora-gcc, r-devel-windows-x86_64-new-TK, r-release-macos-arm64, r-release-macos-x86_64, r-oldrel-macos-x86_64